ns digit of s?
5
Let d(p) = -18*p**3 - p**2 - p + 1. Let o be d(1). Let y = 38 + o. What is the tens digit of y?
1
Let y be 2/(-3) - 4/(-6). Let q(d) = 2*d - 34. Let b be q(19). Suppose b*t - 44 = -y*t. What is the units digit of t?
1
Let t = 519 - 223. What is the units digit of t?
6
Suppose 3*a + 4*o = 1065, -2*a + 0*a + o + 699 = 0. What is the hundreds digit of a?
3
Let y(o) = -o**3 + 5*o**2 + 8*o - 5. What is the units digit of y(6)?
7
Let u(d) = -2*d - 1. Let x be u(-1). What is the units digit of 11 + x - (2 + -2)?
2
Let u(b) = 7*b**3 - 2*b**2 - b + 1. What is the units digit of u(2)?
7
Let o(y) = y**2 - 4*y + 2. Let u be o(7). Let t = -35 + 68. Let k = t - u. What is the tens digit of k?
1
Let r = -89 + 140. What is the tens digit of r?
5
Suppose -5*r + 14 - 79 = 5*k, 2*r = -4*k - 54. Suppose -6*i = -3*i + 12. What is the tens digit of k*(-6)/i*-1?
2
Let f be 17/2 + 7/(-14). Let n be 2/3*(0 - -3). Suppose n*p - p - f = 0. What is the units digit of p?
8
Suppose 4*n + 5*k - 22 = 0, -4*n - 3*k = -2*k - 14. Let p be n*(-8)/(-3) + -1. Let o = p + -4. What is the units digit of o?
3
Let z(t) = -75*t + 17. What is the hundreds digit of z(-4)?
3
Let v = -86 + 131. What is the tens digit of v?
4
Suppose 3*q - 255 = -2*q. What is the tens digit of q?
5
Let w = -91 + 18. Let r = -43 - w. What is the tens digit of r?
3
Let f = 4 + -2. Suppose 0*h + f = -h. What is the units digit of (-8 - 1)*2/h?
9
Let n(f) = -1. Let r(v) = 12*v + 8. Let p(k) = -6*n(k) - r(k). Let g be p(-2). Suppose -h = h - g. What is the tens digit of h?
1
Suppose -2*j + 2 + 6 = 0. Let s(r) = 2*r - 10 + 1 - j*r. What is the units digit of s(-9)?
9
Let v = -101 + 273. What is the hundreds digit of v?
1
Let u(c) = -c**3 + 6*c**2 + c - 2. Let n be u(6). Suppose a - 3 = -0*a. Suppose -n*l = -8, 0 = a*j + l - 0*l - 5. What is the units digit of j?
1
Suppose 77 = -3*t + d + 313, d = 5*t - 394. What is the tens digit of t?
7
Let f(o) = -3*o - 2. Let z be (-178)/(-9) - 2/(-9). Suppose -a + 4*j - z = 0, -2*j - 8 = 4*a - 0. What is the tens digit of f(a)?
1
Let q(i) = i**3 - 7*i**2 - 2*i + 13. What is the units digit of q(9)?
7
Suppose 3*o - 261 = -9. What is the tens digit of o?
8
Let i(d) = d**2 + d - 4. What is the units digit of i(-5)?
6
Suppose -s + 16 = 3*s, 0 = -2*y - 5*s + 218. What is the tens digit of y?
9
What is the units digit of (-9954)/(-60) + 3/30?
6
Let g = 7 + 20. What is the units digit of g?
7
Let r(u) = -u**3 + 8*u**2 - u + 5. What is the tens digit of r(7)?
4
Let v = 5 + -16. Let s = 15 + v. Let w = 5 - s. What is the units digit of w?
1
Let n = -12 + 10. Let f be n/(-3) + 32/(-3). Let m = 25 + f. What is the units digit of m?
5
Let m = 19 - -93. Suppose -2*s + 6*s - m = -5*w, 4*w - 92 = -4*s. What is the units digit of w?
0
Suppose 0 = -n + 5 - 4. Let p be 23/(n/(3/(-3))). Let v = -16 - p. What is the units digit of v?
7
Let u = 25 - 7. Let z be ((-5)/15)/((-2)/u). What is the units digit of (z/(-5))/((-1)/5)?
3
Suppose -2*i - 3*k = -6 - 3, 2*k = 5*i + 25. Let m(g) = -g + 1. Let b be m(i). Suppose -b*y + 4 = -0. What is the units digit of y?
1
What is the tens digit of (-165)/(-9)*(-1 + 4)?
5
What is the units digit of (1*-10)/((-4)/18)?
5
Let g(b) = 2*b + 16. Let x be g(-8). Suppose -n = 4*a - 169, x*a + a - 2*n - 31 = 0. What is the units digit of a?
1
Let u(p) = p**3 + 8*p**2 + 5*p - 6. Let c be u(-7). Let l = c - 0. What is the units digit of l?
8
Let s = -71 + 149. What is the tens digit of s?
7
Let p(v) = -2*v. Let u be p(-12). What is the units digit of (-80)/u*(-66)/5?
4
Let z be 4/14 - (-99)/21. Let f(j) = 2*j + 5. What is the units digit of f(z)?
5
Let a(m) = -131*m + 1. Let c be a(-1). Suppose -4*l + 3*o = -c, 2*o + 16 = 6*o. What is the tens digit of l?
3
Let r(t) = -t**3 - 3*t**2 + 2. Let o be (12/(-16))/((-2)/(-8)). Let m be r(o). Suppose 0 = m*z - 25 + 7. What is the units digit of z?
9
Suppose -2*y + 4*a + a + 245 = 0, -2*a = 2. What is the hundreds digit of y?
1
Let p be ((-19)/2*2)/1. Let h = p - -30. What is the tens digit of h?
1
Let d(x) = -x - 5. Let o be d(-4). Let w(p) = p**2 - 8*p + 4. Let a be w(7). Let b = o - a. What is the units digit of b?
2
Let d(w) = -w**3 - w. What is the units digit of d(-2)?
0
Let m(c) = 2*c**2 + c + 1. Let a be m(-1). Let b be (-1)/(6/(-9))*a. Suppose 0 = -b*k + 8*k - 15. What is the units digit of k?
3
What is the tens digit of 1/(-4) - (-85)/4?
2
Let t(c) be the first derivative of c**4/4 + c**3/3 + c**2/2 - 4*c - 3. Let y be t(0). What is the units digit of (-1 - -4 - y) + 1?
8
Let p(n) = -5*n + 1 + 0*n - 5*n + 2*n. What is the units digit of p(-3)?
5
Let n(y) = 4*y + 3. What is the units digit of n(12)?
1
Let h(c) = 10*c**2. What is the units digit of h(-2)?
0
Let f(h) be the first derivative of h**4/4 - h**3 + 7*h**2/2 - 9*h - 11. What is the units digit of f(4)?
5
Let t(w) = -w**3 - w**2. Let r be t(-2). Suppose -3*q + 3*n = -30, q + r = -q - 4*n. What is the units digit of q?
6
What is the tens digit of 12/6 + 51 + 1?
5
Let k(p) = -p**3 + 7*p**2 - 7*p + 6. Let q be k(6). Suppose -b - j + 3 + 0 = q, 0 = -b - 4*j. Suppose -y - b*y = -60. What is the units digit of y?
2
Suppose 0 = 5*f - 15, -3*f + 13 - 1 = -z. Let i be (-35)/(2*z/6). What is the units digit of 24/10 + (-14)/i?
2
What is the units digit of (-210)/(2 + 3)*6/(-4)?
3
Suppose -28 = -c + 8. Let m = c + -8. What is the tens digit of m?
2
Let t(z) = 9*z - 15. What is the units digit of t(10)?
5
Let x = 17 - 18. Let j = x + 21. What is the tens digit of j?
2
Let m = 10 + -8. Suppose -4*o + m = -38. Suppose 0 - o = -2*h. What is the units digit of h?
5
Suppose -20 = -f - 5*b, -2*b + 0*b - 235 = -5*f. Suppose 0 = 5*n - 2*n - f. What is the tens digit of n?
1
Let b(v) = -v - 3. Let z be b(0). Suppose -2*n + 2*g = 4*g + 38, -2*n + 5*g = 52. What is the units digit of -2*z/(-18)*n?
7
Let t(g) = 0 - 6*g + 1 + 13*g. Let m be t(1). Suppose -4*y = -2*y + f - m, 4*y - 5*f - 30 = 0. What is the units digit of y?
5
Let r(o) = 10*o - 3. What is the tens digit of r(20)?
9
Suppose -4 = -3*m - k - 2, 2*k - 4 = 3*m. Let a be 6/(-15) - (-7)/5. Let v = a + m. What is the units digit of v?
1
Suppose -4*m + 18 = 3*j, -5*m = -5*j - 3 - 2. Let b = 0 - -5. Suppose -2*n = -3*n + 4, j*n = -b*t + 93. What is the tens digit of t?
1
Let v(x) = -94*x**2 + 2*x - 1. Let a be v(1). What is the units digit of -2 - (a/3 - -2)?
7
Suppose -386 = -2*c + 5*f - 2*f, -f = -2*c + 394. What is the units digit of c?
9
What is the tens digit of -8*143/(-14) + (-40)/(-140)?
8
Let y be (5 - (5 - 2))/(-2). Let v be (y/(-1))/((-1)/(-8)). Let f = v - 3. What is the units digit of f?
5
Let o(v) = -99*v + 14. What is the tens digit of o(-1)?
1
Let l be 12/(1 - 2/(-4)). Suppose z = 20 - l. What is the units digit of z?
2
Suppose -g = -2*p + 7, -3*p + 3*g + 13 = p. What is the units digit of 12*(-3)/(-18)*p?
8
Let k = -108 - -177. What is the tens digit of k?
6
Let v = 7 - 3. Suppose 7 = -v*g + 51. What is the tens digit of g?
1
What is the tens digit of (2 - 0)/((-2)/(-21))?
2
Let v = -27 - -84. Let z be 3*(v/(-9))/(-1). Suppose 3*q = -j + 4, -q + z = -4*j - 4. What is the units digit of q?
3
Suppose -18*b + 4320 = 612. What is the hundreds digit of b?
2
Suppose 5*o = 5*x - 450, x - 50 - 42 = 2*o. What is the tens digit of x?
8
Let o(z) = z**3 + 8*z**2 + 3*z - 9. What is the units digit of o(-6)?
5
Suppose 4*q = 2 + 6. Let t be 0 + q - (1 - 2). Let h = t - -1. What is the units digit of h?
4
Let i(f) = 3*f**3 - 8*f**2 + 12*f - 8. What is the tens digit of i(4)?
0
Suppose 0 = -3*j - 2*j + 200. Let y = 71 - j. What is the tens digit of y?
3
Let t(k) = 9*k - 16. What is the tens digit of t(9)?
6
Let z = 6 + -6. What is the tens digit of -2 + z - (0 - 47)?
4
Let d = 11 + -4. Let w(j) = -j - 1. Let m be w(-2). Let p = d + m. What is the units digit of p?
8
Let x(y) = y**2 - 4*y + 9. What is the units digit of x(3)?
6
Suppose -159 + 14 = -3*b + 5*d, -67 = -b - 3*d. What is the units digit of b?
5
Suppose w + 3*w - 4*l = -24, -w - 1 = 4*l. Let j = 8 + w. What is the units digit of 1*j*(-15)/(-9)?
5
Let d(f) = 2*f**2 - 8*f + 6. Let m be d(7). Suppose -2*w + m = 6. What is the units digit of w?
1
Suppose y + 2*i + 5 + 2 = 0, -5*y = 4*i + 11. What is the units digit of y?
1
Suppose 3*t = t. Suppose t = n -